{"id":8569,"date":"2019-08-22T13:58:04","date_gmt":"2019-08-22T13:58:04","guid":{"rendered":"http:\/\/www.cisa-arica.cl\/wp1\/?page_id=8569"},"modified":"2019-08-22T13:58:05","modified_gmt":"2019-08-22T13:58:05","slug":"himno-de-italia-version-para-ninos","status":"publish","type":"page","link":"https:\/\/www.cisa-arica.cl\/wp1\/himno-de-italia-version-para-ninos\/","title":{"rendered":"Himno de Italia (versi\u00f3n para ni\u00f1os)"},"content":{"rendered":"\n<figure class=\"wp-block-embed-youtube wp-block-embed is-type-video is-provider-youtube wp-embed-aspect-4-3 wp-has-aspect-ratio\"><div class=\"wp-block-embed__wrapper\">\n<iframe loading=\"lazy\"  id=\"_ytid_19739\"  width=\"800\" height=\"600\"  data-origwidth=\"800\" data-origheight=\"600\" src=\"https:\/\/www.youtube.com\/embed\/PxBUMt64V64?enablejsapi=1&#038;autoplay=0&#038;cc_load_policy=0&#038;cc_lang_pref=&#038;iv_load_policy=1&#038;loop=0&#038;rel=1&#038;fs=1&#038;playsinline=0&#038;autohide=2&#038;theme=dark&#038;color=red&#038;controls=1&#038;disablekb=0&#038;\" class=\"__youtube_prefs__  epyt-is-override  no-lazyload\" title=\"YouTube player\"  allow=\"fullscreen; accelerometer; autoplay; clipboard-write; encrypted-media; gyroscope; picture-in-picture; web-share\" referrerpolicy=\"strict-origin-when-cross-origin\" allowfullscreen data-no-lazy=\"1\" data-skipgform_ajax_framebjll=\"\"><\/iframe>\n<\/div><figcaption>Versi\u00f3n infantil<\/figcaption><\/figure>\n","protected":false},"excerpt":{"rendered":"","protected":false},"author":1,"featured_media":0,"parent":0,"menu_order":0,"comment_status":"closed","ping_status":"closed","template":"","meta":{"footnotes":""},"class_list":["post-8569","page","type-page","status-publish","hentry"],"jetpack_sharing_enabled":true,"jetpack_shortlink":"https:\/\/wp.me\/P84wcz-2ed","jetpack-related-posts":[{"id":2915,"url":"https:\/\/www.cisa-arica.cl\/wp1\/himno-del-colegio\/","url_meta":{"origin":8569,"position":0},"title":"Himno del Colegio Italiano Santa Ana","author":"CISA","date":"17 de Mayo de 2024","format":false,"excerpt":"Himno Colegio Santa Ana CORO Colegio do transcurre nuestra vida serena, optimista y muy feliz Colegio de Santa Ana que nos muestras la ruta luminosa del saber. Santuario de Santa Ana que eres nido de Ciencia, de Virtud y del Saber tu formas el ambiente bendecido que templa nuestras almas\u2026","rel":"","context":"Entrada similar ","block_context":{"text":"Entrada similar ","link":""},"img":{"alt_text":"","src":"","width":0,"height":0},"classes":[]},{"id":30025,"url":"https:\/\/www.cisa-arica.cl\/wp1\/educacion-parvularia-2\/","url_meta":{"origin":8569,"position":1},"title":"EDUCACI\u00d3N PARVULARIA","author":"Marketing","date":"6 de Abril de 2026","format":false,"excerpt":"Coordinadora CRA: Marilyn Mercado NavarroEquipo: Educadoras: Katherine Gonz\u00e1lez Plaza, Paulina Mart\u00ednez Villegas, Jocelyn Rojas Mercado. T\u00e9cnicos:\u00a0 \u00a0 \u00a0 Sandra Jofr\u00e9 Gonz\u00e1lez, Angie Mar\u00edn Contreras. El nivel de Educaci\u00f3n Parvularia del Colegio Italiano Santa Ana de Arica comprende los niveles de Transici\u00f3n 1 y 2, orientados a brindar una formaci\u00f3n integral\u2026","rel":"","context":"Entrada similar ","block_context":{"text":"Entrada similar ","link":""},"img":{"alt_text":"","src":"https:\/\/i0.wp.com\/www.cisa-arica.cl\/wp1\/wp-content\/uploads\/2026\/04\/Ed.-Parvularia.png?resize=350%2C200&ssl=1","width":350,"height":200,"srcset":"https:\/\/i0.wp.com\/www.cisa-arica.cl\/wp1\/wp-content\/uploads\/2026\/04\/Ed.-Parvularia.png?resize=350%2C200&ssl=1 1x, https:\/\/i0.wp.com\/www.cisa-arica.cl\/wp1\/wp-content\/uploads\/2026\/04\/Ed.-Parvularia.png?resize=525%2C300&ssl=1 1.5x, https:\/\/i0.wp.com\/www.cisa-arica.cl\/wp1\/wp-content\/uploads\/2026\/04\/Ed.-Parvularia.png?resize=700%2C400&ssl=1 2x, https:\/\/i0.wp.com\/www.cisa-arica.cl\/wp1\/wp-content\/uploads\/2026\/04\/Ed.-Parvularia.png?resize=1050%2C600&ssl=1 3x"},"classes":[]},{"id":2619,"url":"https:\/\/www.cisa-arica.cl\/wp1\/hijas-de-santa-ana\/","url_meta":{"origin":8569,"position":2},"title":"Hijas de Santa Ana","author":"CISA","date":"17 de Noviembre de 2016","format":false,"excerpt":"En el a\u00f1o 2016 se celebraron los 150 a\u00f1os de vida de la Congregaci\u00f3n Hijas de Santa Ana que siguiendo el carisma de Madre Rosa Gattorno de pobreza, donaci\u00f3n materna y esp\u00edritu de familia, gestan y acompa\u00f1an a nuestra Comunidad. Su fundadora, la Beata Madre Rosa Gattorno, fue una viuda\u2026","rel":"","context":"Entrada similar ","block_context":{"text":"Entrada similar ","link":""},"img":{"alt_text":"","src":"","width":0,"height":0},"classes":[]},{"id":12546,"url":"https:\/\/www.cisa-arica.cl\/wp1\/suscribase-para-recibir-actualizaciones-de-publicaciones\/","url_meta":{"origin":8569,"position":3},"title":"Suscr\u00edbase a nuestro sitio web para recibir actualizaciones de publicaciones.","author":"CISA","date":"18 de Mayo de 2021","format":false,"excerpt":"","rel":"","context":"Entrada similar ","block_context":{"text":"Entrada similar ","link":""},"img":{"alt_text":"","src":"","width":0,"height":0},"classes":[]},{"id":3231,"url":"https:\/\/www.cisa-arica.cl\/wp1\/sep\/ley-s-e-p\/","url_meta":{"origin":8569,"position":4},"title":"Ley S.E.P.","author":"CISA","date":"9 de Noviembre de 2017","format":false,"excerpt":"REQUISITOS\u00a0 Y\u00a0 OBLIGACIONES LEY S.E.P.\u00a0 20.248 \u00a0 El Convenio es un acuerdo que dura 4 a\u00f1os (renovable) mediante el cual el sostenedor del establecimiento que ha postulado a la SEP se compromete a cumplir una serie de compromisos, requisitos y obligaciones. Entre ellos, se encuentran respetar los beneficios para los\u2026","rel":"","context":"Entrada similar ","block_context":{"text":"Entrada similar ","link":""},"img":{"alt_text":"","src":"","width":0,"height":0},"classes":[]},{"id":3206,"url":"https:\/\/www.cisa-arica.cl\/wp1\/sep\/","url_meta":{"origin":8569,"position":5},"title":"SEP","author":"CISA","date":"9 de Noviembre de 2017","format":false,"excerpt":"Subvenci\u00f3n Escolar Preferencial (SEP)\u00a0 Coordinadora SEP: Oriana Torres Mu\u00f1oz \u00a0 \u00a0 \u00a0 \u00a0 \u00a0 \u00a0 \u00a0 \u00a0 \u00a0 \u00a0 \u00a0 \u00a0 \u00a0 \u00a0 \u00a0 \u00a0 \u00a0 \u00a0 \u00a0 \u00a0 \u00a0 \u00a0 \u00a0 \u00a0 \u00a0 SUBVENCI\u00d3N ESCOLAR PREFERENCIAL (SEP) La Subvenci\u00f3n Escolar Preferencial (SEP)\u00a0en Chile es una ley (N \u00b020.248) que\u2026","rel":"","context":"Entrada similar ","block_context":{"text":"Entrada similar ","link":""},"img":{"alt_text":"","src":"https:\/\/i0.wp.com\/www.cisa-arica.cl\/wp1\/wp-content\/uploads\/2026\/04\/SEP-240x300.png?resize=350%2C200","width":350,"height":200},"classes":[]}],"_links":{"self":[{"href":"https:\/\/www.cisa-arica.cl\/wp1\/wp-json\/wp\/v2\/pages\/8569","targetHints":{"allow":["GET"]}}],"collection":[{"href":"https:\/\/www.cisa-arica.cl\/wp1\/wp-json\/wp\/v2\/pages"}],"about":[{"href":"https:\/\/www.cisa-arica.cl\/wp1\/wp-json\/wp\/v2\/types\/page"}],"author":[{"embeddable":true,"href":"https:\/\/www.cisa-arica.cl\/wp1\/wp-json\/wp\/v2\/users\/1"}],"replies":[{"embeddable":true,"href":"https:\/\/www.cisa-arica.cl\/wp1\/wp-json\/wp\/v2\/comments?post=8569"}],"version-history":[{"count":1,"href":"https:\/\/www.cisa-arica.cl\/wp1\/wp-json\/wp\/v2\/pages\/8569\/revisions"}],"predecessor-version":[{"id":8570,"href":"https:\/\/www.cisa-arica.cl\/wp1\/wp-json\/wp\/v2\/pages\/8569\/revisions\/8570"}],"wp:attachment":[{"href":"https:\/\/www.cisa-arica.cl\/wp1\/wp-json\/wp\/v2\/media?parent=8569"}],"curies":[{"name":"wp","href":"https:\/\/api.w.org\/{rel}","templated":true}]}}

Himno de Italia (versión para niños)

<figure class="wp-block-embed-youtube wp-block-embed is-type-video is-provider-youtube wp-embed-aspect-4-3 wp-has-aspect-ratio"><div class="wp-block-embed__wrapper">
<iframe loading="lazy"  id="_ytid_19739"  width="800" height="600"  data-origwidth="800" data-origheight="600" src="https://www.youtube.com/embed/PxBUMt64V64?enablejsapi=1&#038;autoplay=0&#038;cc_load_policy=0&#038;cc_lang_pref=&#038;iv_load_policy=1&#038;loop=0&#038;rel=1&#038;fs=1&#038;playsinline=0&#038;autohide=2&#038;theme=dark&#038;color=red&#038;controls=1&#038;disablekb=0&#038;" class="__youtube_prefs__  epyt-is-override  no-lazyload" title="YouTube player"  allow="fullscreen; accelerometer; autoplay; clipboard-write; encrypted-media; gyroscope; picture-in-picture; web-share" referrerpolicy="strict-origin-when-cross-origin" allowfullscreen data-no-lazy="1" data-skipgform_ajax_framebjll=""></iframe>
</div><figcaption>Versión infantil</figcaption></figure>

EDUCACIÓN PARVULARIA

Coordinadora CRA: Marilyn Mercado NavarroEquipo: Educadoras: Katherine González Plaza, Paulina Martínez Villegas, Jocelyn Rojas Mercado. Técnicos:      Sandra Jofré González, Angie Marín Contreras. El nivel de Educación Parvularia del Colegio Italiano Santa Ana de Arica comprende los niveles de Transición 1 y 2, orientados a brindar una formación integral…

En el año 2016 se celebraron los 150 años de vida de la Congregación Hijas de Santa Ana que siguiendo el carisma de Madre Rosa Gattorno de pobreza, donación materna y espíritu de familia, gestan y acompañan a nuestra Comunidad. Su fundadora, la Beata Madre Rosa Gattorno, fue una viuda…

Suscríbase a nuestro sitio web para recibir actualizaciones de publicaciones.

REQUISITOS  Y  OBLIGACIONES LEY S.E.P.  20.248   El Convenio es un acuerdo que dura 4 años (renovable) mediante el cual el sostenedor del establecimiento que ha postulado a la SEP se compromete a cumplir una serie de compromisos, requisitos y obligaciones. Entre ellos, se encuentran respetar los beneficios para los…

Subvención Escolar Preferencial (SEP)  Coordinadora SEP: Oriana Torres Muñoz                                                   SUBVENCIÓN ESCOLAR PREFERENCIAL (SEP) La Subvención Escolar Preferencial (SEP) en Chile es una ley (N °20.248) que…
