{"id":3298,"date":"2017-11-13T13:19:55","date_gmt":"2017-11-13T13:19:55","guid":{"rendered":"http:\/\/www.cisa-arica.cl\/wp1\/?page_id=3298"},"modified":"2017-11-13T13:22:06","modified_gmt":"2017-11-13T13:22:06","slug":"metas-1er-periodo-pme","status":"publish","type":"page","link":"https:\/\/www.cisa-arica.cl\/wp1\/metas-1er-periodo-pme\/","title":{"rendered":"METAS 1ER PER\u00cdODO PME"},"content":{"rendered":"<p>Nuestro establecimiento se incorpora a la ley SEP\u00a0 20.248\u00a0 firmando el \u00a0<strong>Convenio de Igualdad de Oportunidades y Excelencia Educativa<\/strong>con el MINEDUC, el 21 de noviembre de 2012.<\/p>\n<p>El primer per\u00edodo de la elaboraci\u00f3n del\u00a0 PME-SEP \u00a0abarca desde el inicio del a\u00f1o 2013 al t\u00e9rmino del 2016, estableciendo metas de efectividad a 4 a\u00f1os que se traducen en las evaluaciones SIMCE.<\/p>\n<table>\n<tbody>\n<tr>\n<td rowspan=\"4\" width=\"60\">Curso<\/p>\n<p>&nbsp;<\/p>\n<p>&nbsp;<\/p>\n<p>&nbsp;<\/p>\n<p><strong>4\u00ba b\u00e1sico<\/strong><\/td>\n<td width=\"109\"><span style=\"color: #000000;\">Sector<\/span><\/p>\n<p>&nbsp;<\/td>\n<td width=\"87\"><strong>Puntaje obtenido SIMCE 2012<\/strong><\/td>\n<td width=\"116\"><strong>Meta propuesta SIMCE 2016<\/strong><\/td>\n<td width=\"120\"><strong>Puntaje real obtenido SIMCE 2016<\/strong><\/td>\n<td width=\"110\"><strong>Diferencia puntos<\/strong><\/p>\n<p><strong>2012\/2016<\/strong><\/td>\n<td width=\"0\"><\/td>\n<\/tr>\n<tr>\n<td width=\"109\">Lenguaje y comunicaci\u00f3n<\/td>\n<td width=\"87\"><strong>\u00a0<\/strong><\/p>\n<p><strong>272<\/strong><\/td>\n<td width=\"116\"><strong>\u00a0<\/strong><\/p>\n<p><strong>280<\/strong><\/td>\n<td width=\"120\"><strong>\u00a0<\/strong><\/p>\n<p><strong>290<\/strong><\/td>\n<td width=\"110\"><strong>\u00a0<\/strong><\/p>\n<p><strong>+18<\/strong><\/td>\n<td width=\"0\"><\/td>\n<\/tr>\n<tr>\n<td width=\"109\">&nbsp;<\/p>\n<p>Matem\u00e1tica<\/p>\n<p>&nbsp;<\/td>\n<td width=\"87\"><strong>\u00a0<\/strong><\/p>\n<p><strong>270<\/strong><\/td>\n<td width=\"116\"><strong>\u00a0<\/strong><\/p>\n<p><strong>280<\/strong><\/td>\n<td width=\"120\"><strong>\u00a0<\/strong><\/p>\n<p><strong>273<\/strong><\/td>\n<td width=\"110\">&nbsp;<\/p>\n<p><strong>+3<\/strong><\/td>\n<td width=\"0\"><\/td>\n<\/tr>\n<tr>\n<td colspan=\"5\" width=\"543\"><\/td>\n<td width=\"0\"><\/td>\n<\/tr>\n<\/tbody>\n<\/table>\n<table>\n<tbody>\n<tr>\n<td rowspan=\"5\" width=\"60\">Curso<\/p>\n<p>&nbsp;<\/p>\n<p>&nbsp;<\/p>\n<p>&nbsp;<\/p>\n<p><strong>8\u00ba b\u00e1sico<\/strong><\/td>\n<td width=\"109\">Sector<\/p>\n<p>&nbsp;<\/td>\n<td width=\"87\"><strong>Puntaje obtenido SIMCE 2011<\/strong><\/td>\n<td width=\"116\"><strong>Meta propuesta SIMCE 2016<\/strong><\/td>\n<td width=\"120\"><strong>Puntaje real obtenido SIMCE 2015<\/strong><\/td>\n<td width=\"110\"><strong>Diferencia puntos<\/strong><\/p>\n<p><strong>2012\/2016<\/strong><\/td>\n<\/tr>\n<tr>\n<td width=\"109\">Lenguaje y comunicaci\u00f3n<\/td>\n<td width=\"87\"><strong>\u00a0<\/strong><\/p>\n<p><strong>253<\/strong><\/td>\n<td width=\"116\"><strong>\u00a0<\/strong><\/p>\n<p><strong>265<\/strong><\/td>\n<td width=\"120\"><strong>\u00a0<\/strong><\/p>\n<p><strong>254<\/strong><\/td>\n<td width=\"110\"><strong>\u00a0<\/strong><\/p>\n<p><strong>+1<\/strong><\/td>\n<\/tr>\n<tr>\n<td width=\"109\">&nbsp;<\/p>\n<p>Matem\u00e1tica<\/p>\n<p>&nbsp;<\/td>\n<td width=\"87\"><strong>\u00a0<\/strong><\/p>\n<p><strong>256<\/strong><\/td>\n<td width=\"116\"><strong>\u00a0<\/strong><\/p>\n<p><strong>268<\/strong><\/td>\n<td width=\"120\"><strong>\u00a0<\/strong><\/p>\n<p><strong>253<\/strong><\/td>\n<td width=\"110\"><strong>\u00a0<\/strong><\/p>\n<p><strong>-3<\/strong><\/td>\n<\/tr>\n<tr>\n<td width=\"109\">Ciencias Naturales<\/td>\n<td width=\"87\"><strong>275<\/strong><\/td>\n<td width=\"116\"><strong>280<\/strong><\/td>\n<td width=\"120\"><strong>265<\/strong><\/td>\n<td width=\"110\"><strong>\u00a0<\/strong><\/td>\n<\/tr>\n<tr>\n<td width=\"109\">Historia, Geograf\u00eda y Ciencias sociales<\/td>\n<td width=\"87\"><strong>\u00a0<\/strong><\/p>\n<p><strong>246<\/strong><\/td>\n<td width=\"116\"><strong>\u00a0<\/strong><\/p>\n<p><strong>250<\/strong><\/td>\n<td width=\"120\"><strong>\u00a0<\/strong><\/p>\n<p>0<\/td>\n<td width=\"110\"><strong>\u00a0<\/strong><\/p>\n<p><strong>+4<\/strong><\/td>\n<\/tr>\n<\/tbody>\n<\/table>\n<table width=\"97\">\n<tbody>\n<tr>\n<td rowspan=\"4\" width=\"10\">Curso<\/p>\n<p>&nbsp;<\/p>\n<p>&nbsp;<\/p>\n<p>&nbsp;<\/p>\n<p><strong>2\u00ba Medio<\/strong><\/td>\n<td width=\"18\">Sector<\/p>\n<p>&nbsp;<\/td>\n<td width=\"14\"><strong>Puntaje obtenido SIMCE 2012<\/strong><\/td>\n<td width=\"19\"><strong>Meta propuesta SIMCE 2016<\/strong><\/td>\n<td width=\"19\"><strong>Puntaje real obtenido SIMCE 2016<\/strong><\/td>\n<td width=\"18\"><strong>Diferencia puntos<\/strong><\/p>\n<p><strong>2012\/2016<\/strong><\/td>\n<td width=\"0\"><\/td>\n<\/tr>\n<tr>\n<td width=\"18\">Lenguaje y comunicaci\u00f3n<\/td>\n<td width=\"14\"><strong>\u00a0<\/strong><\/p>\n<p><strong>285<\/strong><\/td>\n<td width=\"19\"><strong>\u00a0<\/strong><\/p>\n<p><strong>290<\/strong><\/td>\n<td width=\"19\"><strong>\u00a0<\/strong><\/p>\n<p><strong>263<\/strong><\/td>\n<td width=\"18\"><strong>\u00a0<\/strong><\/p>\n<p><strong>-22<\/strong><\/td>\n<td width=\"0\"><\/td>\n<\/tr>\n<tr>\n<td width=\"18\">&nbsp;<\/p>\n<p>Matem\u00e1tica<\/p>\n<p>&nbsp;<\/td>\n<td width=\"14\"><strong>\u00a0<\/strong><\/p>\n<p><strong>264<\/strong><\/td>\n<td width=\"19\"><strong>\u00a0<\/strong><\/p>\n<p><strong>276<\/strong><\/p>\n<p><strong>\u00a0<\/strong><\/td>\n<td width=\"19\"><strong>\u00a0<\/strong><\/p>\n<p><strong>274<\/strong><\/td>\n<td width=\"18\"><strong>\u00a0<\/strong><\/p>\n<p><strong>+10<\/strong><\/td>\n<td width=\"0\"><\/td>\n<\/tr>\n<tr>\n<td colspan=\"5\" width=\"88\"><\/td>\n<td width=\"0\"><\/td>\n<\/tr>\n<\/tbody>\n<\/table>\n<p>&nbsp;<\/p>\n<p>&nbsp;<\/p>\n<p>&nbsp;<\/p>\n","protected":false},"excerpt":{"rendered":"<p>Nuestro establecimiento se incorpora a la ley SEP\u00a0 20.248\u00a0 firmando el \u00a0Convenio de Igualdad de Oportunidades y Excelencia Educativacon el MINEDUC, el 21 de noviembre de 2012. El primer per\u00edodo de la elaboraci\u00f3n del\u00a0 PME-SEP \u00a0abarca desde el inicio del a\u00f1o 2013 al t\u00e9rmino del 2016, estableciendo metas de efectividad a 4 a\u00f1os que se <a class=\"read-more\" href=\"https:\/\/www.cisa-arica.cl\/wp1\/metas-1er-periodo-pme\/\">Continuar leyendo<\/a><\/p>\n","protected":false},"author":1,"featured_media":0,"parent":0,"menu_order":0,"comment_status":"closed","ping_status":"closed","template":"","meta":{"footnotes":""},"class_list":["post-3298","page","type-page","status-publish","hentry"],"jetpack_sharing_enabled":true,"jetpack_shortlink":"https:\/\/wp.me\/P84wcz-Rc","jetpack-related-posts":[{"id":3206,"url":"https:\/\/www.cisa-arica.cl\/wp1\/sep\/","url_meta":{"origin":3298,"position":0},"title":"SEP","author":"CISA","date":"9 de Noviembre de 2017","format":false,"excerpt":"Subvenci\u00f3n Escolar Preferencial (SEP)\u00a0 Coordinadora SEP: Oriana Torres Mu\u00f1oz \u00a0 \u00a0 \u00a0 \u00a0 \u00a0 \u00a0 \u00a0 \u00a0 \u00a0 \u00a0 \u00a0 \u00a0 \u00a0 \u00a0 \u00a0 \u00a0 \u00a0 \u00a0 \u00a0 \u00a0 \u00a0 \u00a0 \u00a0 \u00a0 \u00a0 SUBVENCI\u00d3N ESCOLAR PREFERENCIAL (SEP) La Subvenci\u00f3n Escolar Preferencial (SEP)\u00a0en Chile es una ley (N \u00b020.248) que\u2026","rel":"","context":"Entrada similar ","block_context":{"text":"Entrada similar ","link":""},"img":{"alt_text":"","src":"https:\/\/i0.wp.com\/www.cisa-arica.cl\/wp1\/wp-content\/uploads\/2026\/04\/SEP-240x300.png?resize=350%2C200","width":350,"height":200},"classes":[]},{"id":3231,"url":"https:\/\/www.cisa-arica.cl\/wp1\/sep\/ley-s-e-p\/","url_meta":{"origin":3298,"position":1},"title":"Ley S.E.P.","author":"CISA","date":"9 de Noviembre de 2017","format":false,"excerpt":"REQUISITOS\u00a0 Y\u00a0 OBLIGACIONES LEY S.E.P.\u00a0 20.248 \u00a0 El Convenio es un acuerdo que dura 4 a\u00f1os (renovable) mediante el cual el sostenedor del establecimiento que ha postulado a la SEP se compromete a cumplir una serie de compromisos, requisitos y obligaciones. Entre ellos, se encuentran respetar los beneficios para los\u2026","rel":"","context":"Entrada similar ","block_context":{"text":"Entrada similar ","link":""},"img":{"alt_text":"","src":"","width":0,"height":0},"classes":[]},{"id":3237,"url":"https:\/\/www.cisa-arica.cl\/wp1\/sep\/actividades-sep\/","url_meta":{"origin":3298,"position":2},"title":"Actividades SEP","author":"CISA","date":"9 de Noviembre de 2017","format":false,"excerpt":"Actividades","rel":"","context":"Entrada similar ","block_context":{"text":"Entrada similar ","link":""},"img":{"alt_text":"","src":"","width":0,"height":0},"classes":[]},{"id":3208,"url":"https:\/\/www.cisa-arica.cl\/wp1\/sep\/info-sep\/","url_meta":{"origin":3298,"position":3},"title":"Info SEP","author":"CISA","date":"9 de Noviembre de 2017","format":false,"excerpt":"\u00a0 \u00a0 Diptico informativo para descargar: Clic para descargar","rel":"","context":"Entrada similar ","block_context":{"text":"Entrada similar ","link":""},"img":{"alt_text":"","src":"https:\/\/i0.wp.com\/www.cisa-arica.cl\/wp1\/wp-content\/uploads\/2017\/11\/Diapositiva1.png?resize=350%2C200","width":350,"height":200,"srcset":"https:\/\/i0.wp.com\/www.cisa-arica.cl\/wp1\/wp-content\/uploads\/2017\/11\/Diapositiva1.png?resize=350%2C200 1x, https:\/\/i0.wp.com\/www.cisa-arica.cl\/wp1\/wp-content\/uploads\/2017\/11\/Diapositiva1.png?resize=525%2C300 1.5x, https:\/\/i0.wp.com\/www.cisa-arica.cl\/wp1\/wp-content\/uploads\/2017\/11\/Diapositiva1.png?resize=700%2C400 2x"},"classes":[]}],"_links":{"self":[{"href":"https:\/\/www.cisa-arica.cl\/wp1\/wp-json\/wp\/v2\/pages\/3298","targetHints":{"allow":["GET"]}}],"collection":[{"href":"https:\/\/www.cisa-arica.cl\/wp1\/wp-json\/wp\/v2\/pages"}],"about":[{"href":"https:\/\/www.cisa-arica.cl\/wp1\/wp-json\/wp\/v2\/types\/page"}],"author":[{"embeddable":true,"href":"https:\/\/www.cisa-arica.cl\/wp1\/wp-json\/wp\/v2\/users\/1"}],"replies":[{"embeddable":true,"href":"https:\/\/www.cisa-arica.cl\/wp1\/wp-json\/wp\/v2\/comments?post=3298"}],"version-history":[{"count":2,"href":"https:\/\/www.cisa-arica.cl\/wp1\/wp-json\/wp\/v2\/pages\/3298\/revisions"}],"predecessor-version":[{"id":3301,"href":"https:\/\/www.cisa-arica.cl\/wp1\/wp-json\/wp\/v2\/pages\/3298\/revisions\/3301"}],"wp:attachment":[{"href":"https:\/\/www.cisa-arica.cl\/wp1\/wp-json\/wp\/v2\/media?parent=3298"}],"curies":[{"name":"wp","href":"https:\/\/api.w.org\/{rel}","templated":true}]}}