{"id":30040,"date":"2026-04-07T09:21:35","date_gmt":"2026-04-07T13:21:35","guid":{"rendered":"https:\/\/www.cisa-arica.cl\/wp1\/?page_id=30040"},"modified":"2026-04-08T15:52:58","modified_gmt":"2026-04-08T19:52:58","slug":"convivencia-escolar-2","status":"publish","type":"page","link":"https:\/\/www.cisa-arica.cl\/wp1\/convivencia-escolar-2\/","title":{"rendered":"Convivencia Escolar"},"content":{"rendered":"\n<p><strong>Coordinadora Convivencia: <\/strong>Fernanda Vald\u00e9s S\u00e1nchez<br><strong>Equipo: <\/strong>Cristina Ord\u00f3\u00f1ez Miranda &#8211; Patricia Vera Ayca\u00a0<\/p>\n\n\n<div class=\"wp-block-image\">\n<figure class=\"aligncenter size-large\"><img loading=\"lazy\" decoding=\"async\" width=\"480\" height=\"600\" data-attachment-id=\"30015\" data-permalink=\"https:\/\/www.cisa-arica.cl\/wp1\/convivencia-escolar\/convivencia-escolar-2\/\" data-orig-file=\"https:\/\/www.cisa-arica.cl\/wp1\/wp-content\/uploads\/2026\/04\/Convivencia-Escolar.png\" data-orig-size=\"1080,1350\" data-comments-opened=\"0\" data-image-meta=\"{&quot;aperture&quot;:&quot;0&quot;,&quot;credit&quot;:&quot;&quot;,&quot;camera&quot;:&quot;&quot;,&quot;caption&quot;:&quot;&quot;,&quot;created_timestamp&quot;:&quot;0&quot;,&quot;copyright&quot;:&quot;&quot;,&quot;focal_length&quot;:&quot;0&quot;,&quot;iso&quot;:&quot;0&quot;,&quot;shutter_speed&quot;:&quot;0&quot;,&quot;title&quot;:&quot;&quot;,&quot;orientation&quot;:&quot;0&quot;}\" data-image-title=\"Convivencia Escolar\" data-image-description=\"\" data-image-caption=\"\" data-large-file=\"https:\/\/www.cisa-arica.cl\/wp1\/wp-content\/uploads\/2026\/04\/Convivencia-Escolar-480x600.png\" src=\"http:\/\/www.cisa-arica.cl\/wp1\/wp-content\/uploads\/2026\/04\/Convivencia-Escolar-480x600.png\" alt=\"\" class=\"wp-image-30015\" srcset=\"https:\/\/www.cisa-arica.cl\/wp1\/wp-content\/uploads\/2026\/04\/Convivencia-Escolar-480x600.png 480w, https:\/\/www.cisa-arica.cl\/wp1\/wp-content\/uploads\/2026\/04\/Convivencia-Escolar-240x300.png 240w, https:\/\/www.cisa-arica.cl\/wp1\/wp-content\/uploads\/2026\/04\/Convivencia-Escolar-768x960.png 768w, https:\/\/www.cisa-arica.cl\/wp1\/wp-content\/uploads\/2026\/04\/Convivencia-Escolar.png 1080w\" sizes=\"auto, (max-width: 480px) 100vw, 480px\" \/><\/figure>\n<\/div>","protected":false},"excerpt":{"rendered":"<p>Coordinadora Convivencia: Fernanda Vald\u00e9s S\u00e1nchezEquipo: Cristina Ord\u00f3\u00f1ez Miranda &#8211; Patricia Vera Ayca\u00a0<\/p>\n","protected":false},"author":8,"featured_media":0,"parent":0,"menu_order":0,"comment_status":"closed","ping_status":"closed","template":"","meta":{"footnotes":""},"class_list":["post-30040","page","type-page","status-publish","hentry"],"jetpack_sharing_enabled":true,"jetpack_shortlink":"https:\/\/wp.me\/P84wcz-7Ow","jetpack-related-posts":[{"id":2942,"url":"https:\/\/www.cisa-arica.cl\/wp1\/convivencia-escolar\/","url_meta":{"origin":30040,"position":0},"title":"CONVIVENCIA ESCOLAR","author":"CISA","date":"26 de Abril de 2017","format":false,"excerpt":"Coordinadora Convivencia: Fernanda Vald\u00e9s S\u00e1nchez Equipo: Cristina Ord\u00f3\u00f1ez Miranda - Patricia Vera Ayca\u00a0 \u00a0 \u00a0 \u00a0 \u00a0 RICE 2026\u00a0 DESCARGAR\u00a0 \u00a0 \u00a0 \u00a0 \u00a0 \u00a0 \u00a0 \u00a0 \u00a0 \u00a0 \u00a0 \u00a0 \u00a0 \u00a0 \u00a0 \u00a0 \u00a0 \u00a0 \u00a0 \u00a0 \u00a0 \u00a0 \u00a0 \u00a0 \u00a0\u00a0 \u00a0","rel":"","context":"Entrada similar ","block_context":{"text":"Entrada similar ","link":""},"img":{"alt_text":"","src":"https:\/\/i0.wp.com\/www.cisa-arica.cl\/wp1\/wp-content\/uploads\/2026\/04\/Convivencia-Escolar-240x300.png?resize=350%2C200","width":350,"height":200},"classes":[]},{"id":2486,"url":"https:\/\/www.cisa-arica.cl\/wp1\/cra\/","url_meta":{"origin":30040,"position":1},"title":"CRA","author":"CISA","date":"17 de Mayo de 2024","format":false,"excerpt":"Centro de Recursos del Aprendizaje (CRA)\u00a0 Coordinadora CRA:\u00a0Raquel \u00c1lvarez S\u00e1nchez Equipo:\u00a0Elsa Ord\u00f3\u00f1ez L\u00f3pez \u00a0 \u00a0 \u00a0 \u00a0 \u00a0 \u00a0 \u00a0 \u00a0 \u00a0 \u00a0 \u00a0 \u00a0 \u00a0 \u00a0 \u00a0 \u00a0 \u00a0 \u00a0 \u00a0 \u00a0 \u00a0 \u00a0 \u00a0 \u00a0 \u00a0 \u00a0 \u00a0 \u00a0 \u00a0 \u00a0 \u00a0 \u00a0 \u00a0 \u00a0 \u00a0 \u00a0 \u00a0\u2026","rel":"","context":"Entrada similar ","block_context":{"text":"Entrada similar ","link":""},"img":{"alt_text":"","src":"https:\/\/i0.wp.com\/www.cisa-arica.cl\/wp1\/wp-content\/uploads\/2026\/04\/CRA.png?resize=350%2C200&ssl=1","width":350,"height":200,"srcset":"https:\/\/i0.wp.com\/www.cisa-arica.cl\/wp1\/wp-content\/uploads\/2026\/04\/CRA.png?resize=350%2C200&ssl=1 1x, https:\/\/i0.wp.com\/www.cisa-arica.cl\/wp1\/wp-content\/uploads\/2026\/04\/CRA.png?resize=525%2C300&ssl=1 1.5x, https:\/\/i0.wp.com\/www.cisa-arica.cl\/wp1\/wp-content\/uploads\/2026\/04\/CRA.png?resize=700%2C400&ssl=1 2x, https:\/\/i0.wp.com\/www.cisa-arica.cl\/wp1\/wp-content\/uploads\/2026\/04\/CRA.png?resize=1050%2C600&ssl=1 3x"},"classes":[]},{"id":3206,"url":"https:\/\/www.cisa-arica.cl\/wp1\/sep\/","url_meta":{"origin":30040,"position":2},"title":"SEP","author":"CISA","date":"9 de Noviembre de 2017","format":false,"excerpt":"Subvenci\u00f3n Escolar Preferencial (SEP)\u00a0 Coordinadora SEP: Oriana Torres Mu\u00f1oz \u00a0 \u00a0 \u00a0 \u00a0 \u00a0 \u00a0 \u00a0 \u00a0 \u00a0 \u00a0 \u00a0 \u00a0 \u00a0 \u00a0 \u00a0 \u00a0 \u00a0 \u00a0 \u00a0 \u00a0 \u00a0 \u00a0 \u00a0 \u00a0 \u00a0 SUBVENCI\u00d3N ESCOLAR PREFERENCIAL (SEP) La Subvenci\u00f3n Escolar Preferencial (SEP)\u00a0en Chile es una ley (N \u00b020.248) que\u2026","rel":"","context":"Entrada similar ","block_context":{"text":"Entrada similar ","link":""},"img":{"alt_text":"","src":"https:\/\/i0.wp.com\/www.cisa-arica.cl\/wp1\/wp-content\/uploads\/2026\/04\/SEP-240x300.png?resize=350%2C200","width":350,"height":200},"classes":[]},{"id":5573,"url":"https:\/\/www.cisa-arica.cl\/wp1\/ano-escolar-2019\/","url_meta":{"origin":30040,"position":3},"title":"A\u00f1o Escolar 2019","author":"CISA","date":"14 de Febrero de 2019","format":false,"excerpt":"","rel":"","context":"Entrada similar ","block_context":{"text":"Entrada similar ","link":""},"img":{"alt_text":"","src":"","width":0,"height":0},"classes":[]},{"id":3231,"url":"https:\/\/www.cisa-arica.cl\/wp1\/sep\/ley-s-e-p\/","url_meta":{"origin":30040,"position":4},"title":"Ley S.E.P.","author":"CISA","date":"9 de Noviembre de 2017","format":false,"excerpt":"REQUISITOS\u00a0 Y\u00a0 OBLIGACIONES LEY S.E.P.\u00a0 20.248 \u00a0 El Convenio es un acuerdo que dura 4 a\u00f1os (renovable) mediante el cual el sostenedor del establecimiento que ha postulado a la SEP se compromete a cumplir una serie de compromisos, requisitos y obligaciones. Entre ellos, se encuentran respetar los beneficios para los\u2026","rel":"","context":"Entrada similar ","block_context":{"text":"Entrada similar ","link":""},"img":{"alt_text":"","src":"","width":0,"height":0},"classes":[]},{"id":30025,"url":"https:\/\/www.cisa-arica.cl\/wp1\/educacion-parvularia-2\/","url_meta":{"origin":30040,"position":5},"title":"EDUCACI\u00d3N PARVULARIA","author":"Marketing","date":"6 de Abril de 2026","format":false,"excerpt":"Coordinadora CRA: Marilyn Mercado NavarroEquipo: Educadoras: Katherine Gonz\u00e1lez Plaza, Paulina Mart\u00ednez Villegas, Jocelyn Rojas Mercado. T\u00e9cnicos:\u00a0 \u00a0 \u00a0 Sandra Jofr\u00e9 Gonz\u00e1lez, Angie Mar\u00edn Contreras. El nivel de Educaci\u00f3n Parvularia del Colegio Italiano Santa Ana de Arica comprende los niveles de Transici\u00f3n 1 y 2, orientados a brindar una formaci\u00f3n integral\u2026","rel":"","context":"Entrada similar ","block_context":{"text":"Entrada similar ","link":""},"img":{"alt_text":"","src":"https:\/\/i0.wp.com\/www.cisa-arica.cl\/wp1\/wp-content\/uploads\/2026\/04\/Ed.-Parvularia.png?resize=350%2C200&ssl=1","width":350,"height":200,"srcset":"https:\/\/i0.wp.com\/www.cisa-arica.cl\/wp1\/wp-content\/uploads\/2026\/04\/Ed.-Parvularia.png?resize=350%2C200&ssl=1 1x, https:\/\/i0.wp.com\/www.cisa-arica.cl\/wp1\/wp-content\/uploads\/2026\/04\/Ed.-Parvularia.png?resize=525%2C300&ssl=1 1.5x, https:\/\/i0.wp.com\/www.cisa-arica.cl\/wp1\/wp-content\/uploads\/2026\/04\/Ed.-Parvularia.png?resize=700%2C400&ssl=1 2x, https:\/\/i0.wp.com\/www.cisa-arica.cl\/wp1\/wp-content\/uploads\/2026\/04\/Ed.-Parvularia.png?resize=1050%2C600&ssl=1 3x"},"classes":[]}],"_links":{"self":[{"href":"https:\/\/www.cisa-arica.cl\/wp1\/wp-json\/wp\/v2\/pages\/30040","targetHints":{"allow":["GET"]}}],"collection":[{"href":"https:\/\/www.cisa-arica.cl\/wp1\/wp-json\/wp\/v2\/pages"}],"about":[{"href":"https:\/\/www.cisa-arica.cl\/wp1\/wp-json\/wp\/v2\/types\/page"}],"author":[{"embeddable":true,"href":"https:\/\/www.cisa-arica.cl\/wp1\/wp-json\/wp\/v2\/users\/8"}],"replies":[{"embeddable":true,"href":"https:\/\/www.cisa-arica.cl\/wp1\/wp-json\/wp\/v2\/comments?post=30040"}],"version-history":[{"count":2,"href":"https:\/\/www.cisa-arica.cl\/wp1\/wp-json\/wp\/v2\/pages\/30040\/revisions"}],"predecessor-version":[{"id":30044,"href":"https:\/\/www.cisa-arica.cl\/wp1\/wp-json\/wp\/v2\/pages\/30040\/revisions\/30044"}],"wp:attachment":[{"href":"https:\/\/www.cisa-arica.cl\/wp1\/wp-json\/wp\/v2\/media?parent=30040"}],"curies":[{"name":"wp","href":"https:\/\/api.w.org\/{rel}","templated":true}]}}