{"id":2942,"date":"2017-04-26T18:28:30","date_gmt":"2017-04-26T18:28:30","guid":{"rendered":"http:\/\/www.cisa-arica.cl\/wp1\/?page_id=2942"},"modified":"2026-04-06T12:38:48","modified_gmt":"2026-04-06T16:38:48","slug":"convivencia-escolar","status":"publish","type":"page","link":"https:\/\/www.cisa-arica.cl\/wp1\/convivencia-escolar\/","title":{"rendered":"CONVIVENCIA ESCOLAR"},"content":{"rendered":"<p><strong><span style=\"color: #808080;\">Coordinadora Convivencia: <\/span><span style=\"color: #808080;\"><span style=\"color: #800000;\">Fernanda Vald\u00e9s S\u00e1nchez<\/span><\/span><\/strong><br \/>\n<span style=\"color: #808080;\"><strong><span style=\"color: #808080;\">Equipo: <\/span><span style=\"color: #800000;\">Cristina Ord\u00f3\u00f1ez Miranda &#8211; Patricia Vera Ayca<\/span><span style=\"color: #808080;\">\u00a0 \u00a0 \u00a0 \u00a0 \u00a0 <\/span><\/strong><\/span><\/p>\n<p><span style=\"color: #808080;\"><strong><span style=\"color: #808080;\">RICE 2026\u00a0 <a href=\"http:\/\/www.cisa-arica.cl\/wp1\/wp-content\/uploads\/2026\/03\/RICE-actualizado-2026-1-1.pdf\">DESCARGAR<\/a>\u00a0 \u00a0 \u00a0 \u00a0 \u00a0 \u00a0 \u00a0 \u00a0 \u00a0 \u00a0 \u00a0 \u00a0 \u00a0 \u00a0 \u00a0 \u00a0 \u00a0 \u00a0 \u00a0 \u00a0 \u00a0 \u00a0 \u00a0 \u00a0 \u00a0\u00a0<\/span><\/strong><\/span><\/p>\n<p style=\"text-align: center;\"><img loading=\"lazy\" decoding=\"async\" data-attachment-id=\"30015\" data-permalink=\"https:\/\/www.cisa-arica.cl\/wp1\/convivencia-escolar\/convivencia-escolar-2\/\" data-orig-file=\"https:\/\/www.cisa-arica.cl\/wp1\/wp-content\/uploads\/2026\/04\/Convivencia-Escolar.png\" data-orig-size=\"1080,1350\" data-comments-opened=\"0\" data-image-meta=\"{&quot;aperture&quot;:&quot;0&quot;,&quot;credit&quot;:&quot;&quot;,&quot;camera&quot;:&quot;&quot;,&quot;caption&quot;:&quot;&quot;,&quot;created_timestamp&quot;:&quot;0&quot;,&quot;copyright&quot;:&quot;&quot;,&quot;focal_length&quot;:&quot;0&quot;,&quot;iso&quot;:&quot;0&quot;,&quot;shutter_speed&quot;:&quot;0&quot;,&quot;title&quot;:&quot;&quot;,&quot;orientation&quot;:&quot;0&quot;}\" data-image-title=\"Convivencia Escolar\" data-image-description=\"\" data-image-caption=\"\" data-large-file=\"https:\/\/www.cisa-arica.cl\/wp1\/wp-content\/uploads\/2026\/04\/Convivencia-Escolar-480x600.png\" class=\"alignnone size-medium wp-image-30015\" src=\"http:\/\/www.cisa-arica.cl\/wp1\/wp-content\/uploads\/2026\/04\/Convivencia-Escolar-240x300.png\" alt=\"\" width=\"240\" height=\"300\" srcset=\"https:\/\/www.cisa-arica.cl\/wp1\/wp-content\/uploads\/2026\/04\/Convivencia-Escolar-240x300.png 240w, https:\/\/www.cisa-arica.cl\/wp1\/wp-content\/uploads\/2026\/04\/Convivencia-Escolar-480x600.png 480w, https:\/\/www.cisa-arica.cl\/wp1\/wp-content\/uploads\/2026\/04\/Convivencia-Escolar-768x960.png 768w, https:\/\/www.cisa-arica.cl\/wp1\/wp-content\/uploads\/2026\/04\/Convivencia-Escolar.png 1080w\" sizes=\"auto, (max-width: 240px) 100vw, 240px\" \/><\/p>\n<p>&nbsp;<\/p>\n","protected":false},"excerpt":{"rendered":"<p>Coordinadora Convivencia: Fernanda Vald\u00e9s S\u00e1nchez Equipo: Cristina Ord\u00f3\u00f1ez Miranda &#8211; Patricia Vera Ayca\u00a0 \u00a0 \u00a0 \u00a0 \u00a0 RICE 2026\u00a0 DESCARGAR\u00a0 \u00a0 \u00a0 \u00a0 \u00a0 \u00a0 \u00a0 \u00a0 \u00a0 \u00a0 \u00a0 \u00a0 \u00a0 \u00a0 \u00a0 \u00a0 \u00a0 \u00a0 \u00a0 \u00a0 \u00a0 \u00a0 \u00a0 \u00a0 \u00a0\u00a0 &nbsp;<\/p>\n","protected":false},"author":1,"featured_media":0,"parent":0,"menu_order":0,"comment_status":"closed","ping_status":"closed","template":"","meta":{"footnotes":""},"class_list":["post-2942","page","type-page","status-publish","hentry"],"jetpack_sharing_enabled":true,"jetpack_shortlink":"https:\/\/wp.me\/P84wcz-Ls","jetpack-related-posts":[{"id":30040,"url":"https:\/\/www.cisa-arica.cl\/wp1\/convivencia-escolar-2\/","url_meta":{"origin":2942,"position":0},"title":"Convivencia Escolar","author":"Marketing","date":"7 de Abril de 2026","format":false,"excerpt":"Coordinadora Convivencia: Fernanda Vald\u00e9s S\u00e1nchezEquipo: Cristina Ord\u00f3\u00f1ez Miranda - Patricia Vera Ayca\u00a0","rel":"","context":"Entrada similar ","block_context":{"text":"Entrada similar ","link":""},"img":{"alt_text":"","src":"https:\/\/i0.wp.com\/www.cisa-arica.cl\/wp1\/wp-content\/uploads\/2026\/04\/Convivencia-Escolar.png?resize=350%2C200&ssl=1","width":350,"height":200,"srcset":"https:\/\/i0.wp.com\/www.cisa-arica.cl\/wp1\/wp-content\/uploads\/2026\/04\/Convivencia-Escolar.png?resize=350%2C200&ssl=1 1x, https:\/\/i0.wp.com\/www.cisa-arica.cl\/wp1\/wp-content\/uploads\/2026\/04\/Convivencia-Escolar.png?resize=525%2C300&ssl=1 1.5x, https:\/\/i0.wp.com\/www.cisa-arica.cl\/wp1\/wp-content\/uploads\/2026\/04\/Convivencia-Escolar.png?resize=700%2C400&ssl=1 2x, https:\/\/i0.wp.com\/www.cisa-arica.cl\/wp1\/wp-content\/uploads\/2026\/04\/Convivencia-Escolar.png?resize=1050%2C600&ssl=1 3x"},"classes":[]}],"_links":{"self":[{"href":"https:\/\/www.cisa-arica.cl\/wp1\/wp-json\/wp\/v2\/pages\/2942","targetHints":{"allow":["GET"]}}],"collection":[{"href":"https:\/\/www.cisa-arica.cl\/wp1\/wp-json\/wp\/v2\/pages"}],"about":[{"href":"https:\/\/www.cisa-arica.cl\/wp1\/wp-json\/wp\/v2\/types\/page"}],"author":[{"embeddable":true,"href":"https:\/\/www.cisa-arica.cl\/wp1\/wp-json\/wp\/v2\/users\/1"}],"replies":[{"embeddable":true,"href":"https:\/\/www.cisa-arica.cl\/wp1\/wp-json\/wp\/v2\/comments?post=2942"}],"version-history":[{"count":17,"href":"https:\/\/www.cisa-arica.cl\/wp1\/wp-json\/wp\/v2\/pages\/2942\/revisions"}],"predecessor-version":[{"id":30012,"href":"https:\/\/www.cisa-arica.cl\/wp1\/wp-json\/wp\/v2\/pages\/2942\/revisions\/30012"}],"wp:attachment":[{"href":"https:\/\/www.cisa-arica.cl\/wp1\/wp-json\/wp\/v2\/media?parent=2942"}],"curies":[{"name":"wp","href":"https:\/\/api.w.org\/{rel}","templated":true}]}}